the remainder when 30383 is divided by 797.
97
Calculate the remainder when 7376937 is divided by 433.
349
Calculate the remainder when 35663 is divided by 1876.
19
Calculate the remainder when 40822 is divided by 13233.
1123
What is the remainder when 28442824 is divided by 502?
6
What is the remainder when 2973319 is divided by 696?
7
Calculate the remainder when 195742 is divided by 2310.
1702
What is the remainder when 174300 is divided by 1570?
30
Calculate the remainder when 28422 is divided by 5489.
977
Calculate the remainder when 11256469 is divided by 41384.
21
Calculate the remainder when 29525464 is divided by 29525462.
2
What is the remainder when 265409 is divided by 13573?
7522
What is the remainder when 422373 is divided by 1285?
893
Calculate the remainder when 7284920 is divided by 175.
20
What is the remainder when 876091 is divided by 299?
21
Calculate the remainder when 31563508 is divided by 42827.
9
What is the remainder when 549198 is divided by 36588?
378
Calculate the remainder when 4868886 is divided by 956.
934
Calculate the remainder when 98887 is divided by 5966.
3431
What is the remainder when 6134526 is divided by 6203?
5962
What is the remainder when 209252 is divided by 2603?
1012
What is the remainder when 5300784 is divided by 27?
9
Calculate the remainder when 581059 is divided by 193663.
70
What is the remainder when 22453304 is divided by 22453292?
12
Calculate the remainder when 56224 is divided by 27091.
2042
Calculate the remainder when 15891 is divided by 2265.
36
What is the remainder when 13007410 is divided by 15960?
10
What is the remainder when 5010049 is divided by 97?
96
Calculate the remainder when 1704033 is divided by 108.
9
Calculate the remainder when 458387 is divided by 3096.
179
Calculate the remainder when 31785 is divided by 1096.
1
What is the remainder when 767753 is divided by 199?
11
What is the remainder when 1232097 is divided by 879?
618
What is the remainder when 1473237 is divided by 368246?
253
What is the remainder when 28950 is divided by 2626?
64
What is the remainder when 1496714064 is divided by 295?
294
What is the remainder when 5322229 is divided by 266111?
9
Calculate the remainder when 63445745 is divided by 149.
55
Calculate the remainder when 695744 is divided by 34756.
624
What is the remainder when 227606 is divided by 73499?
7109
What is the remainder when 1013519 is divided by 202698?
29
Calculate the remainder when 501876 is divided by 31367.
4
Calculate the remainder when 1935747 is divided by 967847.
53
What is the remainder when 318280 is divided by 1883?
53
Calculate the remainder when 659574461 is divided by 6.
5
Calculate the remainder when 86228865 is divided by 65.
60
Calculate the remainder when 1361394 is divided by 340347.
6
What is the remainder when 754298 is divided by 7643?
5284
What is the remainder when 211664 is divided by 531?
326
Calculate the remainder when 104151694 is divided by 174.
166
Calculate the remainder when 10210253 is divided by 40.
13
What is the remainder when 21549381 is divided by 818?
807
What is the remainder when 11484179 is divided by 82?
79
What is the remainder when 5316945 is divided by 1329236?
1
Calculate the remainder when 1400215 is divided by 951.
343
Calculate the remainder when 18861117 is divided by 1062.
1059
Calculate the remainder when 27647479 is divided by 337.
336
What is the remainder when 67655 is divided by 66949?
706
What is the remainder when 56037 is divided by 13440?
2277
What is the remainder when 125639 is divided by 13914?
413
Calculate the remainder when 287844 is divided by 1442.
886
What is the remainder when 209721 is divided by 3430?
491
What is the remainder when 2100860 is divided by 246?
20
Calculate the remainder when 24187332 is divided by 15.
12
Calculate the remainder when 17987749 is divided by 422.
421
What is the remainder when 2089443 is divided by 3615?
3588
What is the remainder when 99592 is divided by 99544?
48
What is the remainder when 26877 is divided by 1328?
317
What is the remainder when 64130507 is divided by 1907?
4
What is the remainder when 1613586 is divided by 562?
84
Calculate the remainder when 752154 is divided by 4249.
81
Calculate the remainder when 61175 is divided by 2585.
1720
What is the remainder when 79817 is divided by 4418?
293
What is the remainder when 161412 is divided by 6?
0
Calculate the remainder when 51234748 is divided by 249.
10
Calculate the remainder when 136664 is divided by 136233.
431
Calculate the remainder when 119403 is divided by 38719.
3246
Calculate the remainder when 112775899 is divided by 9.
4
Calculate the remainder when 27136112 is divided by 866.
2
Calculate the remainder when 2978676 is divided by 20.
16
What is the remainder when 1500833 is divided by 1139?
770
Calculate the remainder when 51996846 is divided by 1167.
1161
Calculate the remainder when 2240188 is divided by 24088.
4
What is the remainder when 18161071 is divided by 1208?
1207
Calculate the remainder when 1801036 is divided by 2584.
2572
Calculate the remainder when 145740 is divided by 4193.
3178
Calculate the remainder when 6128085 is divided by 908.
901
What is the remainder when 90471777 is divided by 63?
60
What is the remainder when 1574401 is divided by 1574329?
72
What is the remainder when 5315888 is divided by 164?
156
What is the remainder when 4712705 is divided by 1001?
998
Calculate the remainder when 5923836 is divided by 126038.
50
Calculate the remainder when 75374 is divided by 5160.
3134
Calculate the remainder when 1061641 is divided by 265409.
5
What is the remainder when 6736408 is divided by 302?
298
What is the remainder when 2309832 is divided by 12157?
2
What is the remainder when 8339054 is divided by 1178?
1170
Calculate the remainder when 111345 is divided by 37095.
60
What is the remainder when 5106095 is divided by 130925?
20
What is the remainder when 8231362 is divided by 1119?
1117
Calculate the remainder when 11824516 is divided by 1478061.
28
Calculate the remainder when 751325081 is divided by 92.
89
What is the remainder when 59717667 is divided by 6?
3
Calculate the remainder when 5643730 is divided by 235155.
10
What is the remainder when 152545323 is divided by 14?
7
What is the remainder when 8264248 is divided by 750?
748
Calculate the remainder when 5502354 is divided by 1100461.
49
Calculate the remainder when 31578351 is divided by 1296.
15
What is the remainder when 141116 is divided by 68646?
3824
What is the remainder when 8070255 is divided by 944?
943
Calculate the remainder when 14730694 is divided by 3053.
3022
What is the remainder when 6650463 is divided by 2216815?
18
Calculate the remainder when 924057 is divided by 16.
9
What is the remainder when 120570 is divided by 303?
279
What is the remainder when 468384 is divided by 315?
294
What is the remainder when 257518 is divided by 257478?
40
Calculate the remainder when 313511 is divided by 3199.
9
What is the remainder when 311495 is divided by 777?
695
What is the remainder when 3712940 is divided by 147?
14
Calculate the remainder when 58466147 is divided by 30707.
19
What is the remainder when 436012817 is divided by 473?
471
Calculate the remainder when 77814 is divided by 10493.
4363
What is the remainder when 149172448 is divided by 1525?
1523
What is the remainder when 634749 is divided by 317322?
105
Calculate the remainder when 4021691 is divided by 136.
35
What is the remainder when 45217 is divided by 90?
37
What is the remainder when 29122432 is divided by 1532758?
30
Calculate the remainder when 23919811 is divided by 22.
3
What is the remainder when 389294076 is divided by 647?
646
Calculate the remainder when 54907927 is divided by 35.
32
What is the remainder when 16323749 is divided by 2563?
2
What is the remainder when 416487 is divided by 138735?
282
What is the remainder when 4420918 is divided by 2280?
2278
What is the remainder when 63504 is divided by 2862?
540
What is the remainder when 11249234 is divided by 462?
458
What is the remainder when 1670735 is divided by 383?
89
What is the remainder when 124737 is divided by 31154?
121
Calculate the remainder when 664359 is divided by 616.
311
Calculate the remainder when 